{"id":3144,"date":"2025-11-04T17:47:39","date_gmt":"2025-11-04T16:47:39","guid":{"rendered":"https:\/\/kommunistische-debatte.de\/?page_id=3144"},"modified":"2025-11-04T17:47:39","modified_gmt":"2025-11-04T16:47:39","slug":"vorbemerkung-20","status":"publish","type":"page","link":"https:\/\/kommunistische-debatte.de\/?page_id=3144","title":{"rendered":"Vorbemerkung"},"content":{"rendered":"<p>&nbsp;<\/p>\n<p style=\"text-align: justify;\">Zu Beginn dieser AzD-Ausgabe zeigt Alfred Schr\u00f6der auf, dass die unter dem Banner des Antifaschismus von SPD, Gr\u00fcnen und Linkspartei bis hin zur MLPD erhobene Forderung nach einem AfD-Verbot, in Realpolitik \u00fcbersetzt, ein Kampf f\u00fcr die Absicherung parlamentarischer Mehrheiten der staatstragenden Parteien ist, deren Zustimmung in der Bev\u00f6lkerung zusehends schrumpft. Dieselben Parteien agieren im Ukraine-Krieg als Kriegsparteien, w\u00e4hrend gleichzeitig EU und Nato auseinanderfallen und die Linke bis heute nicht in der Lage war, eine eigenst\u00e4ndige revolution\u00e4r-demokratische Position zu diesem Krieg zu entwickeln.<\/p>\n<p style=\"text-align: justify;\">Hauptthema ist diesmal die Entwicklung der Volksrepublik China in den letzten Jahrzehnten. Martin Schlegel untersucht die Verfassung der gesellschaftlichen Arbeit und kommt zu dem Ergebnis, dass die Arbeitskraft mittlerweile durchg\u00e4ngig Warencharakter tr\u00e4gt und vom marxistischen Standpunkt aus keine Zweifel an der Durchsetzung des Kapitalismus bestehen.<br \/>\nEr stellt die Auseinandersetzungen in Partei und Regierung dar, die den Weg zum Kapitalismus \u00f6ffneten, und vergleicht den russischen und den chinesischen Weg des \u00dcbergangs zum Kapitalismus miteinander. Als Fazit schreibt er, dass die chinesische Variante der kapitalistischen Warenproduktion eine eigene Art von staatlich gelenktem Kapitalismus darstellt, der aktuell besser funktioniert als der neoliberale westliche Typus.<\/p>\n<p style=\"text-align: justify;\">Die letzten AzD mit dem Leitartikel \u00fcber eine neue Weltordnung und eine j\u00e4mmerliche Bourgeoisie sowie der Kritik der Leninschen Imperialismustheorie haben eine Reihe kontroverser Reaktionen hervorgerufen, die von \u201egenial\u201c bis \u201egrotesk\u201c reichen. Eine Kritik von K-H.\u00a0Goll, die auch das Buch \u00fcber den \u201edeutschen Rassenstaat\u201c umfasst, wird hier unter \u201eDiskussion\u201c abgedruckt. Zum selben Thema findet sich eine l\u00e4ngere Diskussion mit Klaus Dallmer, Autor von B\u00fcchern zur Oktober- und Novemberrevolution, in der Rubrik \u201eOffene Debatte\u201c auf der Webseite der \u201eKommunistischen Debatte\u201c (<a href=\"https:\/\/kommunistische-debatte.de\/?page_id=3084\">https:\/\/kommunistische-debatte.de\/?page_id=3084<\/a>). In dieser vor kurzem eingerichteten Rubrik sollen k\u00fcnftig alle eingehenden Zuschriften ver\u00f6ffentlicht werden.<\/p>\n<p style=\"text-align: justify;\">Den Abschluss bildet eine l\u00e4ngere Auseinandersetzung von Fritz G\u00f6tt mit einer neuen Version der Menschheitsgeschichte in dem Buch von David Graeber und David Wengrow: \u201eAnf\u00e4nge. Eine neue Geschichte der Menschheit\u201c.<\/p>\n","protected":false},"excerpt":{"rendered":"<p>&nbsp; Zu Beginn dieser AzD-Ausgabe zeigt Alfred Schr\u00f6der auf, dass die unter dem Banner des Antifaschismus von SPD, Gr\u00fcnen und Linkspartei bis hin zur MLPD erhobene Forderung nach einem AfD-Verbot, in Realpolitik \u00fcbersetzt, ein Kampf f\u00fcr die Absicherung parlamentarischer Mehrheiten der staatstragenden Parteien ist, deren Zustimmung in der Bev\u00f6lkerung zusehends schrumpft. Dieselben Parteien agieren im &hellip; <a href=\"https:\/\/kommunistische-debatte.de\/?page_id=3144\" class=\"more-link\"><span class=\"screen-reader-text\">Vorbemerkung<\/span> weiterlesen<\/a><\/p>\n","protected":false},"author":3,"featured_media":0,"parent":0,"menu_order":0,"comment_status":"closed","ping_status":"closed","template":"","meta":{"footnotes":""},"class_list":["post-3144","page","type-page","status-publish","hentry"],"_links":{"self":[{"href":"https:\/\/kommunistische-debatte.de\/index.php?rest_route=\/wp\/v2\/pages\/3144","targetHints":{"allow":["GET"]}}],"collection":[{"href":"https:\/\/kommunistische-debatte.de\/index.php?rest_route=\/wp\/v2\/pages"}],"about":[{"href":"https:\/\/kommunistische-debatte.de\/index.php?rest_route=\/wp\/v2\/types\/page"}],"author":[{"embeddable":true,"href":"https:\/\/kommunistische-debatte.de\/index.php?rest_route=\/wp\/v2\/users\/3"}],"replies":[{"embeddable":true,"href":"https:\/\/kommunistische-debatte.de\/index.php?rest_route=%2Fwp%2Fv2%2Fcomments&post=3144"}],"version-history":[{"count":3,"href":"https:\/\/kommunistische-debatte.de\/index.php?rest_route=\/wp\/v2\/pages\/3144\/revisions"}],"predecessor-version":[{"id":3147,"href":"https:\/\/kommunistische-debatte.de\/index.php?rest_route=\/wp\/v2\/pages\/3144\/revisions\/3147"}],"wp:attachment":[{"href":"https:\/\/kommunistische-debatte.de\/index.php?rest_route=%2Fwp%2Fv2%2Fmedia&parent=3144"}],"curies":[{"name":"wp","href":"https:\/\/api.w.org\/{rel}","templated":true}]}}